What is the hundreds digit of u?
1
Let g be 2*20*(3 - 12/8). Suppose -5*f + g = -4*f. What is the tens digit of f?
6
What is the hundreds digit of -2*(-3)/(-12) + (-3249)/(-6)?
5
Let q(c) = 20*c + 11. Let y be q(17). Suppose i + 110 = z, 0 = 2*z + 4*i - y + 101. What is the hundreds digit of z?
1
What is the tens digit of 2/(-1) - (-1064 - (-3)/1)?
5
Let i(w) = 54*w**2 - 4*w - 22. Let g be i(-3). Suppose -6*q + g = -46. What is the tens digit of q?
8
Let d = -43 + 247. Suppose -d = -2*r - r. What is the tens digit of r?
6
Suppose -54 = 32*k - 29*k. Let u = k - -28. What is the tens digit of u?
1
Suppose -2*k = 3*j - 3061, -7*k + 5*j - 4593 = -10*k. What is the tens digit of k?
2
Suppose -76 + 316 = -3*j. Let m = j - -138. What is the units digit of m?
8
Suppose -2 = -2*b, 5*d + 759 = 7*d + b. What is the tens digit of d?
7
Suppose 28 = -c - 4. What is the tens digit of (-9 - 0)*c/12?
2
Let c(a) = -a**2 - 17*a - 7. Suppose 0 = 4*i + 3*m - 140, 3*m - 7*m - 70 = -2*i. Let w = i - 51. What is the units digit of c(w)?
9
Let h = -591 + 1032. What is the hundreds digit of h?
4
What is the hundreds digit of 251 - (35/(-5) + 6)?
2
Suppose -504 = -5*y + 466. What is the tens digit of y?
9
Let t = -168 + 294. What is the tens digit of t?
2
Let k be ((-1)/(-3))/((-3)/(-9)). Suppose -9*q + k = -10*q. Let s = 22 - q. What is the tens digit of s?
2
Suppose -40 = -j + 5*j - 2*u, u + 52 = -4*j. What is the units digit of (-3735)/j - 5/4?
0
Suppose 9*y - 922 = 2489. What is the units digit of y?
9
Suppose -g - 3 + 1 = 0. Let y be (2 - 2) + (-8)/g. What is the tens digit of 116/y + -5 + 3?
2
Let n = -564 + 1335. What is the hundreds digit of n?
7
Let w be 0 - (-4 - -4) - (-1 + 1). Suppose w = -5*r + 4*r + 47. What is the tens digit of r?
4
Let n(v) = 4*v + 1. Let q be n(-5). Let b = 27 - q. What is the tens digit of b?
4
Let s(n) = n**3 - 5*n**2 + 3*n + 7. Let u be 2 - -6*2/4. Let i be s(u). What is the units digit of i + 2/((-4)/(-2))?
3
Let g be -23 - 5/(5/(-3)). Let n = -13 - -9. Let i = n - g. What is the units digit of i?
6
Let k = 22 + -20. Suppose f - 257 = -3*w, 5*w - k = 3. Suppose -5*p = -f + 94. What is the tens digit of p?
3
Let u be 3/6*1*2. Let q(x) = 2*x - 9*x - u - 5 - 5. What is the tens digit of q(-6)?
3
Let u be (-75*(-6)/9)/1. Suppose 6*y - u = y. Suppose -b + y = b. What is the units digit of b?
5
What is the hundreds digit of (-5)/(-40) - 10142/(-16)?
6
Let c = -1359 - -2045. What is the hundreds digit of c?
6
What is the tens digit of -1226*4/(-72)*9?
1
Let k = -27 - -47. Let d(o) = -o**3 + 19*o**2 + 23*o - 42. What is the units digit of d(k)?
8
Suppose -3*p = -1 - 23. What is the units digit of 375/24 - (-3)/p?
6
Let u(m) be the first derivative of -m**2 + 7*m - 3. Let r be u(-6). Suppose 0 = -2*o + r + 35. What is the tens digit of o?
2
Suppose -10*c + 2580 + 290 = 0. What is the tens digit of c?
8
Suppose 6*h - 2*h = -12, 2*m - 17 = 3*h. Let l be (0/4)/m - -3. Suppose -c = 4*c + n - 77, l = -n. What is the units digit of c?
6
Let a = -1589 + 3351. What is the thousands digit of a?
1
Let f(z) = 12*z - 57. Suppose -v - k = -12, k + k - 8 = -v. What is the tens digit of f(v)?
3
Let r(z) = -40*z - 69. What is the tens digit of r(-9)?
9
Suppose -5*r - 3*n + 3110 = 0, 12*r - 1866 = 9*r - 3*n. What is the hundreds digit of r?
6
Suppose -4*t + 4*s = 3*s + 10042, 3*t + 5*s + 7520 = 0. Let a = t - -773. What is the units digit of a/(-36) + 2/(-8)?
8
Let z(m) = 4*m - 4. Let y(g) = 20*g - 19. Let f(p) = -2*y(p) + 11*z(p). What is the units digit of f(10)?
4
Suppose r = -a + 2, 5*r - 2*a + 4 = 35. Suppose 0 = r*n - n - 28. Let x = n + 4. What is the tens digit of x?
1
Let o(m) = -3*m - 2. Let b = 16 + -18. Let y be (0 + -1)/(b/(-4)). What is the units digit of o(y)?
4
What is the hundreds digit of -4*((-811)/4 + -7)?
8
Let j(m) = -m**3 - 14*m**2 + 3*m + 42. Let f be j(-14). Suppose 16*h - 382 - 466 = f. What is the units digit of h?
3
Let f = 802 - 808. Let l(j) = -3*j + 7 + 0*j - 3*j. What is the tens digit of l(f)?
4
What is the tens digit of -2 + (-3609)/(-12)*4?
0
Let z(o) = -o**3 + 2*o**2 + 3*o - 6. What is the tens digit of z(-4)?
7
Let b be 21/6*(3 - 1). Let k(h) = 28*h - 2. What is the hundreds digit of k(b)?
1
Let l(n) = -48*n - 22. What is the units digit of l(-12)?
4
Suppose 0 = 4*z - w + 9 - 38, 0 = z + w - 1. Suppose 25 = 4*j - 3*l + z*l, -20 = 4*l. What is the tens digit of 44/j*(-20)/(-8)?
1
Let i be ((-4)/8)/(2/(-8)). What is the units digit of i/3 - (-5936)/42 - 2?
0
Suppose 6*m - 8*m - 12 = 0. Let y(a) = -14*a + 29. What is the hundreds digit of y(m)?
1
Let r = 1625 - 910. What is the tens digit of r?
1
Let h(n) = -3*n + 10. Let s be h(3). What is the tens digit of -5 + 4 + 91 + s?
9
Suppose 0 = -12*q + 11*q. Suppose -4*y + 4 = q, -c = c + 3*y - 157. What is the tens digit of c?
7
Suppose 0 = 3*r + 3*g - 8115, -8*r + 2*g + 10826 = -4*r. What is the thousands digit of r?
2
Let k(t) = t**2 + 3*t + 2. Let q be k(-4). Let h(f) = 2*f + 9 + 4*f - q. What is the units digit of h(3)?
1
Suppose -1820 = -4*p - 2*z + 5416, 0 = -2*z - 8. What is the units digit of p?
1
Let n(t) = 4*t**3 - t**2 + 2*t - 1. Let o = 25 - 24. Let r be n(o). Suppose v - 16 = r. What is the units digit of v?
0
Suppose 0 = -5*y + 4*f - 6, -3*y - 5*f + 26 = 0. Suppose y*q + 36 = 6*q. Let v = q + 45. What is the units digit of v?
4
Suppose -4*y = 4*z - 44 - 44, y = -4*z + 82. Let t = z + -18. Suppose t*h - 18 = 120. What is the tens digit of h?
6
Let b(c) = 5*c + 50. Let r be b(-9). Let s(j) be the second derivative of j**4/12 - 2*j. What is the units digit of s(r)?
5
Let y(c) = c**2 + 6*c - 16. Let b be y(-11). Let a = 66 - b. What is the tens digit of a?
2
Let t = 495 - 263. Let o = t + -508. What is the tens digit of o/(-16) + 3/4?
1
Let g = -2 + 10. Let n(f) = -f**3 - 12*f**2 - 20*f + 9. Let r be n(-10). Suppose g = t - r. What is the units digit of t?
7
Suppose -754 = -48*j + 47*j. What is the units digit of j?
4
Let o be 15/(-10)*2 - -274. Suppose -c - 185 = -2*r, 3*r - c = 4 + o. What is the tens digit of r?
9
Suppose 2*q + 9 = 5*q, -r + 8 = 2*q. Suppose -r*l + 28 = 4. What is the tens digit of l?
1
Let q = 57 + -365. Let h = q - -443. What is the units digit of h?
5
Suppose -13*z = -9*z - 804. Suppose b = -3*j + 219, -z - 174 = -5*j - 5*b. What is the units digit of j?
2
Suppose -8*c - 43 = -195. Let v = c - 17. What is the units digit of v?
2
Suppose -8 = 4*i, 16*k = 11*k + 4*i + 7348. What is the units digit of k?
8
Suppose p + 20 = -4*p - 2*k, -p - 4*k - 4 = 0. What is the units digit of 94 + 2 + (-3 - 12/p)?
6
Suppose 0 = -y + 209 + 19. Suppose 5*n - 55 = -h, -y = -3*h + 4*n + 13. Suppose 7*x - 37 = h. What is the units digit of x?
6
Let y = 4772 + -2514. What is the units digit of y?
8
Let d(n) = 44*n**3 - n + 1. Suppose -4*b - 15 = z - 2*b, 0 = z + 5*b + 30. Let q be (-2)/(-4 + (-3 - z)). What is the units digit of d(q)?
4
Suppose -c + 4*b = -78, 4*c + b - 312 = 2*b. What is the tens digit of c - (10/(-6) + (-2)/(-3))?
7
Let i be (-5)/((-5)/6)*(-3)/(-6). Suppose -i*y + 204 = -4*x + 7, -2*y + x + 133 = 0. What is the tens digit of y?
6
Suppose -3*v - 3*a = 66, v + 5*a + 19 = -7. Suppose 195 = 5*o + 5*m, -3*m + 49 = -0*o + o. Let c = o + v. What is the units digit of c?
3
Suppose 3*w = -12, -8 - 4 = -5*t - 2*w. Let k be 2 + 4/t + 1. Suppose 7*d - 21 = k*d. What is the units digit of d?
7
Let r(m) = 2*m**2 + 2*m + 98. Let q = -32 + 32. What is the tens digit of r(q)?
9
Let y(o) = -2*o - 9 + 2*o**3 - 2*o**3 + 7 - o**3 - 2*o**2. Let s be (-3)/1*(-4)/(-6). What is the units digit of y(s)?
2
Let z be 10/(-4) - ((-26)/4 - -6). What is the units digit of z - (-100 - -5 - -4)?
9
Suppose -4*n - 2*z + 16 = 0, 3*z - 4 = -n - n. Suppose 6*a = 3*r + 2*a - 52, -3*a - 83 = -n*r. What is the tens digit of 1*2/2*r?
1
Let u = -40 - -42. What is the hundreds digit of (-239)/(-2) + 3/u?
1
Let o(r) be the first derivative of r**6/360 + r**5/120 - 5*r**4/12 + 5*r**3/3 - 2. Let v(f) be the third derivative of o(f). What is the units digit of v(6)?
2
Let n = -266 - -1438. What is the hundreds digit of n?
1
Let k(n) = 5*n**2 + n. Suppose 2*o + 2*h = 0, -o = 3*h - 4*h + 2. Let s be k(o). Suppose 4 = s*p - 0, 3*g - 53 = 4*p. What is the tens digit of g?
1
Let i(v) = 4*v**2 + 14*v